ose 5*d + 18 = 7*a - 3*a, -a + 4 = -d. Let h(c) = -4*c - 5. Calculate the remainder when d/(-9) + (-2510)/(-45) is divided by h(-6).
18
Let p = -33 + 49. Calculate the remainder when 31 is divided by p.
15
Let b(d) = d. Let w(u) = -u**2 + 8*u + 7. Let x(f) = -4*b(f) + w(f). What is the remainder when x(5) is divided by 1?
0
Suppose 0*s = 5*s. Suppose -5*b + 5*u + 15 = s, 1 = 4*u + 9. Calculate the remainder when 3 - -1 - (4 - 3/3) is divided by b.
0
Suppose -7*s + 3*s + 116 = 0. What is the remainder when s is divided by 10?
9
Let v(a) = 106*a**3 + a**2 + 3*a - 3. Calculate the remainder when v(1) is divided by 29.
20
What is the remainder when 21 + 12/(-4) + 0 is divided by 5?
3
Let k(n) = -2*n + 1. Let v(w) = -w**3 + 4 - 2 + 11. What is the remainder when v(0) is divided by k(-3)?
6
Suppose -2*m + 3*b - 14 = 5, 0 = -3*b - 15. Let f = m - -43. Suppose -3*j = -34 + 7. What is the remainder when f is divided by j?
8
Suppose -28 = -59*g + 58*g. What is the remainder when g is divided by 10?
8
Suppose a + 3*a - 188 = 0. Let o be 10/25 + (-2)/5. Let p = o - -16. Calculate the remainder when a is divided by p.
15
Suppose -2*a + 2 + 4 = 0. Suppose -2*g + 4*k - 9 = -a, -2*g = -2*k - 2. Calculate the remainder when (-2)/(-2) + (-12)/(-2) is divided by g.
2
Suppose -j + 282 = 2*j. Calculate the remainder when j is divided by 32.
30
Suppose -3*y + 7*h = 4*h - 57, 3*y - h - 59 = 0. Suppose 0*x = 5*x - 55. What is the remainder when y is divided by x?
9
What is the remainder when 70 is divided by ((-27)/3)/(1/(-2))?
16
Let w be 3/(-9)*(-12 + 0). Suppose j + 81 = w*j. Calculate the remainder when j is divided by 10.
7
Suppose -77 - 82 = -3*k. Calculate the remainder when k is divided by 18.
17
Let g(k) = -2*k + 18. Calculate the remainder when g(-8) is divided by 12.
10
Let k = 41 - 31. Let t(x) = 3*x**2 - x - 5. Calculate the remainder when t(4) is divided by k.
9
Let w be (2/(-6))/(2/(-6)). Calculate the remainder when 88 is divided by w*30*-1*-1.
28
Let p(d) = -2 + 0 - 3*d**2 + 4*d**2 - 2*d. Let f be 8/(-44) - (-114)/22. What is the remainder when p(f) is divided by 4?
1
Suppose 69 = 14*h - 11*h. Calculate the remainder when 57 is divided by h.
11
Let s = 5 + -2. Calculate the remainder when s/(-6) - 138/(-4) is divided by 19.
15
Suppose p + 3*p + 50 = b, -6 = 3*p. What is the remainder when b is divided by (-3)/2*(-1 - 9)?
12
Suppose -6*o - 46 = -172. Suppose -i = 1 - 7. Calculate the remainder when o is divided by i.
3
Suppose 0 = -5*b + 200 - 0. Suppose 138 = -2*y + 3*t, 3*y + 2*y - 4*t + 345 = 0. What is the remainder when b is divided by 2/10 - y/5?
12
Let s(y) = 6*y**2 - 5*y - 5. What is the remainder when 168 is divided by s(3)?
32
Let v be 9/(-27) - 82/(-3). Let o = v - 14. Calculate the remainder when 51 is divided by o.
12
Suppose -4*l - 1 = -49. Suppose 4*r - 3*j = 35, -2 = -0*j + 2*j. Suppose -r*w = -3*w - 170. Calculate the remainder when w is divided by l.
10
Let y(d) = d**2 - 3*d - 7. What is the remainder when 46/10 - 4/(-10) is divided by y(5)?
2
Suppose -20*m + 183 = -117. What is the remainder when m is divided by ((-18)/4)/1*-2?
6
Suppose 78 = 2*l + 5*r - 2*r, -5*l - 2*r + 195 = 0. Suppose l = w + 6. Suppose -y - 2*y + w = 0. What is the remainder when 20 is divided by y?
9
What is the remainder when 24 + 6*(-3)/(-6) is divided by 10?
7
What is the remainder when (76 - -1) + 0/(-5) is divided by 20?
17
Let m(o) = 2*o**2 + 2*o + 20. Let x be 3 - (-2)/(-1*2). Suppose 3*k - 7*k = -5*n + 35, -x*n + 5*k = -14. What is the remainder when m(0) is divided by n?
6
Let v be 870/6*(0 - -1). Suppose 0 = -d - 4*d + v. Let z = 7 - -3. What is the remainder when d is divided by z?
9
Let m be 1 + 6/3*-1. What is the remainder when 85 is divided by -3 + (-26)/(-1) + m?
19
Suppose -5*v = -0*v + 10. Let i = -54 - -79. Calculate the remainder when i is divided by 15 - 4*(-1)/v.
12
Let r = -81 + 120. Calculate the remainder when 114 is divided by r.
36
Suppose 3*p + 4*s - 71 = 37, 0 = -3*s + 9. Calculate the remainder when p is divided by 9.
5
Calculate the remainder when -2 + (-213)/9*-3 is divided by 14.
13
Suppose -3*d = 4 - 25. Let q = 1 - -7. Suppose -q*x + 19 = -7*x. What is the remainder when x is divided by d?
5
Let z(d) = d**2 + 4*d - 4. Let f be z(-6). Let c = -2 + f. Suppose 0 = 19*v - 17*v - 44. Calculate the remainder when v is divided by c.
4
Let p = 7 - 4. Calculate the remainder when 2/p*195/2 is divided by 17.
14
What is the remainder when 12 is divided by 86/18 - 1/(54/(-12))?
2
Let z be (0 + -3)/(-3) + 3. Let b(h) = -h**2 + 4*h + 3. Calculate the remainder when ((-1)/3)/((-2)/30) is divided by b(z).
2
Suppose 0 = -2*j + 2 + 8. Let r = j + 9. Suppose -5*o = -9*o + 104. What is the remainder when o is divided by r?
12
Suppose 3*m - 13 = -2*n, 23 = -0*n - 3*n + 4*m. Let r = 22 - 12. Calculate the remainder when r is divided by (0 - n - 0)*4.
2
Let l = 1 + -1. Suppose l = -v - 4 + 6. Calculate the remainder when 4 is divided by v.
0
Suppose j = 2*k + 58, 103 = 5*j + 4*k - 187. What is the remainder when j is divided by 30?
28
Let q be 7 + (-3 + 3 - -3). Suppose -2*l - 4*x + 16 = 0, 4*l - 2*l = -2*x + 8. Let p = q - l. What is the remainder when p is divided by 4?
2
Suppose -n - 111 = -4*n. Let j = n + -24. What is the remainder when 51 is divided by j?
12
Suppose -3*m = -2*m - 50. Let k = -30 + m. Let z = 14 - 3. Calculate the remainder when k is divided by z.
9
Let f = -5 - -17. What is the remainder when 92 is divided by f?
8
Let i(u) = u**3 - u**2 - u - 3. Let l be i(3). Suppose l = -x + 5*x. Suppose -g = -x*g + 44. Calculate the remainder when 42 is divided by g.
20
Let c be (-4)/(-12) + (-20)/(-3). Let b be (-2)/(-7) + 68/c. Calculate the remainder when 1 - 0 - b/(-1) is divided by 6.
5
Let x = -18 - -53. What is the remainder when x is divided by 12?
11
Let k(r) = 2*r**2 - 4*r + 5. Calculate the remainder when 20 is divided by k(3).
9
What is the remainder when ((-174)/(-1))/(4/2) is divided by 18?
15
Let s(a) = -a + 1. Let k be s(-3). Suppose k*f = 12 + 28. Let t = f + -1. What is the remainder when 16 is divided by t?
7
Let f = 183 - 90. Let s = -66 + f. Calculate the remainder when s is divided by 15.
12
Let w(u) = -2*u + 41. Calculate the remainder when 31 is divided by w(16).
4
Calculate the remainder when 8 is divided by ((-8)/14)/(8/(-28)).
0
Suppose 0 = -3*b - 0*b + 153. Suppose -4*v + 2*d = -66, 0 = -0*v - 4*v - d + b. Suppose 0 = -4*t + 12 + 20. What is the remainder when v is divided by t?
6
Let v = 7 + -7. Suppose v = -4*l + 8*l - 44. Suppose -3*r = 3*a + r, 4*a + 2*r - 10 = 0. Calculate the remainder when l is divided by a.
3
Let f be -2 + (-1*20)/(-4). Suppose -x = -3*x - 8, -2*w + 56 = -f*x. Calculate the remainder when 64 is divided by w.
20
Let k be (0 + 1)*2/2. Let y be (2/k - -8)/1. Let c = -2 + y. Calculate the remainder when 22 is divided by c.
6
Suppose 5*f = -0*f + 2*b + 93, 22 = 2*f + 3*b. What is the remainder when 31 is divided by f?
14
Suppose p - 5*p = 4*o - 40, 0 = -p + 2*o - 2. Let d(w) = w**3 - 6*w**2 + 2*w - 1. Let u = 58 + -26. What is the remainder when u is divided by d(p)?
10
Suppose 3*o = -y + 5*o + 17, o - 41 = -5*y. Suppose 0 = -4*c + w + 134, -c + 0*w + 4*w + 26 = 0. What is the remainder when c is divided by y?
7
Suppose 6 + 4 = -2*m. Let t = m - -8. Suppose 2*a + 14 = t*a. Calculate the remainder when 25 is divided by a.
11
Let v = -183 + 246. Calculate the remainder when v is divided by 16.
15
Let w(b) = -b**3 + 2*b**2 - 2*b + 1. Let m be w(1). Suppose c + m*c - 190 = -5*h, 3*c = 15. What is the remainder when h is divided by 183/15 + 12/15?
11
Suppose -2*s + 5*a = -5 - 3, -2*s + 8 = -3*a. Suppose -4*o - 2*j + 16 = 0, -4*o + s*j + 1 - 9 = 0. What is the remainder when 222/(-3)*(-1)/o is divided by 13?
11
Let c(b) = 2*b**2 + 6*b + 2. What is the remainder when 41 is divided by c(-5)?
19
Suppose -4*u + 118 = 18. Calculate the remainder when 43 is divided by u - 1*(5 - 2).
21
Let x = -24 + 45. What is the remainder when x is divided by 12?
9
Suppose 2*k - c = 3, -2*k + 4*c = k - 2. What is the remainder when k is divided by 2?
0
Let k(i) = -3*i - 28. Let l(b) = 7*b - 9. What is the remainder when l(6) is divided by k(-15)?
16
Let s(n) = -n**2 + 15*n. What is the remainder when s(12) is div